{"id":3846,"date":"2026-02-11T09:06:01","date_gmt":"2026-02-11T09:06:01","guid":{"rendered":"https:\/\/fazettes.com\/?product=lelegance-intemporelle-le-coffret-trefle-%e2%9c%a8"},"modified":"2026-02-11T09:06:01","modified_gmt":"2026-02-11T09:06:01","slug":"lelegance-intemporelle-le-coffret-trefle-%e2%9c%a8","status":"publish","type":"product","link":"https:\/\/fazettes.com\/?product=lelegance-intemporelle-le-coffret-trefle-%e2%9c%a8","title":{"rendered":"L\u2019\u00c9l\u00e9gance Intemporelle : Le Coffret Tr\u00e8fle \u2728"},"content":{"rendered":"","protected":false},"excerpt":{"rendered":"","protected":false},"featured_media":3845,"comment_status":"open","ping_status":"closed","template":"","meta":{"_bst_post_transparent":"","_bst_post_title":"","_bst_post_layout":"","_bst_post_sidebar_id":"","_bst_post_content_style":"","_bst_post_vertical_padding":"","_bst_post_feature":"","_bst_post_feature_position":"","_bst_post_header":false,"_bst_post_footer":false},"product_brand":[],"product_cat":[134],"product_tag":[],"product_brands":[],"class_list":{"0":"post-3846","1":"product","2":"type-product","3":"status-publish","4":"has-post-thumbnail","6":"product_cat-series-complete","8":"first","9":"instock","10":"shipping-taxable","11":"purchasable","12":"product-type-simple","13":"entry","14":"content-bg","15":"loop-entry"},"jetpack_sharing_enabled":true,"_links":{"self":[{"href":"https:\/\/fazettes.com\/index.php?rest_route=\/wp\/v2\/product\/3846","targetHints":{"allow":["GET"]}}],"collection":[{"href":"https:\/\/fazettes.com\/index.php?rest_route=\/wp\/v2\/product"}],"about":[{"href":"https:\/\/fazettes.com\/index.php?rest_route=\/wp\/v2\/types\/product"}],"replies":[{"embeddable":true,"href":"https:\/\/fazettes.com\/index.php?rest_route=%2Fwp%2Fv2%2Fcomments&post=3846"}],"wp:featuredmedia":[{"embeddable":true,"href":"https:\/\/fazettes.com\/index.php?rest_route=\/wp\/v2\/media\/3845"}],"wp:attachment":[{"href":"https:\/\/fazettes.com\/index.php?rest_route=%2Fwp%2Fv2%2Fmedia&parent=3846"}],"wp:term":[{"taxonomy":"product_brand","embeddable":true,"href":"https:\/\/fazettes.com\/index.php?rest_route=%2Fwp%2Fv2%2Fproduct_brand&post=3846"},{"taxonomy":"product_cat","embeddable":true,"href":"https:\/\/fazettes.com\/index.php?rest_route=%2Fwp%2Fv2%2Fproduct_cat&post=3846"},{"taxonomy":"product_tag","embeddable":true,"href":"https:\/\/fazettes.com\/index.php?rest_route=%2Fwp%2Fv2%2Fproduct_tag&post=3846"},{"taxonomy":"product_brands","embeddable":true,"href":"https:\/\/fazettes.com\/index.php?rest_route=%2Fwp%2Fv2%2Fproduct_brands&post=3846"}],"curies":[{"name":"wp","href":"https:\/\/api.w.org\/{rel}","templated":true}]}}